 - -611?
6365111
In base 7, what is -50 - -2611106?
2611026
In base 11, what is -97529 - -19?
-97510
In base 3, what is 2020122101100101 - 12?
2020122101100012
In base 10, what is 179 + 258707?
258886
In base 14, what is 31381a + 2?
31381c
In base 4, what is 201212003 - -20?
201212023
In base 13, what is -3733 + 30b?
-3425
In base 10, what is 1 + 16976520?
16976521
In base 4, what is 21 - 210210201?
-210210120
In base 10, what is -178632 + 413?
-178219
In base 3, what is -11112122 + 222121?
-10120001
In base 4, what is 330322212331 - 20?
330322212311
In base 2, what is 10011010 + -1011100000011010?
-1011011110000000
In base 4, what is 3 + 1320111223022?
1320111223031
In base 15, what is -54 - -bd935?
bd8d1
In base 7, what is 143356 - -41015?
214404
In base 6, what is -123540221 - -221?
-123540000
In base 3, what is -11 - 212201120?
-212201201
In base 13, what is 1436 - 2c01?
-1798
In base 8, what is -2 + 301422707?
301422705
In base 13, what is -2c85c - a7a?
-30609
In base 9, what is 177538 - 644?
176784
In base 6, what is -4453255 - -5?
-4453250
In base 5, what is -110 + -23401343141?
-23401343301
In base 5, what is 1002 + 244344?
300401
In base 7, what is 2201240 - -1140?
2202410
In base 9, what is -367 + 176252?
175774
In base 8, what is 4 + -137477351?
-137477345
In base 12, what is -4517 - -b87?
-3550
In base 5, what is -302 - 434011123?
-434011430
In base 15, what is 4a0d - -335e?
7d6c
In base 5, what is -1242 + 1144331224?
1144324432
In base 16, what is -2625587 + 4?
-2625583
In base 15, what is 195b4979 - -2?
195b497b
In base 4, what is 1013131231303 + -2?
1013131231301
In base 9, what is 4 + -33144658?
-33144654
In base 10, what is -48 - 10044801?
-10044849
In base 12, what is -1338 - -1074?
-284
In base 15, what is -e7a54 - 30d?
-e7d62
In base 11, what is -454a56 + 17?
-454a3a
In base 9, what is -10132237 - -3?
-10132234
In base 5, what is 124313 + -30432?
43331
In base 14, what is 10c01 + -8c1?
10320
In base 6, what is -115 + 2350255?
2350140
In base 9, what is -10304 - -17031?
6626
In base 14, what is 1d2 - -47a39?
47c2b
In base 9, what is -8 - 72605632?
-72605641
In base 15, what is -12e9 - 9da?
-1cd4
In base 4, what is -2310023131023 - -20?
-2310023131003
In base 12, what is -265519 + a?
-26550b
In base 13, what is 42432 - -35b?
42790
In base 13, what is -5735 + 112?
-5623
In base 15, what is -8 + 2145638?
2145630
In base 15, what is 36e - -3de89?
3e308
In base 14, what is 0 - 1610186?
-1610186
In base 8, what is -1144750 + 365?
-1144363
In base 10, what is 2 + -2614577?
-2614575
In base 2, what is 101101110110011 - 100001000110?
101001101101101
In base 15, what is -272a7e7 - -5?
-272a7e2
In base 12, what is 55aa551 - -2?
55aa553
In base 4, what is 102121211013 + -132?
102121210221
In base 12, what is 7b24085 - -1?
7b24086
In base 12, what is 2808 - 3b6?
2412
In base 8, what is -3 + 15076300?
15076275
In base 11, what is -4 - -70902?
708a9
In base 6, what is -14201230 + 4?
-14201222
In base 14, what is -2 + -179242?
-179244
In base 15, what is 1a + 45c036?
45c051
In base 3, what is 211001220212011001 + 10?
211001220212011011
In base 5, what is 342122300 + -12?
342122233
In base 11, what is 37018 - 947?
36181
In base 7, what is -23 - 4143320?
-4143343
In base 2, what is -101001001 - 10100001101101111100?
-10100001110011000101
In base 14, what is -3b90 - 11d?
-3cad
In base 9, what is -486050 - -117?
-485832
In base 16, what is 169cc9 + -18?
169cb1
In base 2, what is -101010001101 - 101111000001111?
-110100010011100
In base 8, what is 4 + -321376671?
-321376665
In base 14, what is -7b9 - -c68da?
c6121
In base 2, what is -10000100 + -100101100001101000010?
-100101100001111000110
In base 2, what is 111001100110001101010010111 - -1?
111001100110001101010011000
In base 3, what is 11102011122 - 11112?
11102000010
In base 4, what is -1 - 3323033001?
-3323033002
In base 9, what is -2112 - 3387?
-5510
In base 4, what is 2320 + 31221303211?
31221312131
In base 10, what is 3 + 440016?
440019
In base 6, what is -21 - 32142505?
-32142530
In base 11, what is 11aa4578 + 5?
11aa4582
In base 13, what is 23c0 - c229?
-9b39
In base 4, what is -32213120031 - 320?
-32213121011
In base 3, what is -11211010120 - 211220?
-11211222110
In base 4, what is 30332211202 + 33?
30332211301
In base 13, what is 12a609 - -109?
12a715
In base 6, what is -5 + 1455234353?
1455234344
In base 4, what is 210031 - 13031332?
-12221301
In base 16, what is -4e + 21ecd9?
21ec8b
In base 4, what is 0 + -233103020100?
-233103020100
In base 16, what is -56af3a - -9?
-56af31
In base 13, what is 57b14 + -1a79?
56068
In base 13, what is 1b222 - -162?
1b384
In base 4, what is 20323230111 + 1123?
20323231300
In base 11, what is 70 - -384748?
384808
In base 3, what is 222120022212000 + 0?
222120022212000
In base 16, what is -132 - 27b0d6?
-27b208
In base 8, what is 3250106 + 221?
3250327
In base 12, what is 1a098b9a + 1?
1a098b9b
In base 4, what is -11002200101 + -313?
-11002201020
In base 6, what is -2 - -112044102?
112044100
In base 11, what is -3894534 - 5?
-3894539
In base 6, what is 2553 + -341?
2212
In base 12, what is -848a765 - 2?
-848a767
In base 10, what is -47358462 + 0?
-47358462
In base 9, what is 183848 + 253?
184212
In base 4, what is -20010 - 1111123213?
-1111203223
In base 3, what is 1121222 - 100112011?
-21220012
In base 6, what is 343244334 - 44?
343244250
In base 13, what is -2 + -1402069?
-140206b
In base 15, what is 3ece9 - -59?
3ed53
In base 16, what is -bc1e - 555c?
-1117a
In base 5, what is 10031 + 133413?
143444
In base 16, what is 3529df + -3?
3529dc
In base 7, what is 1224526233 + 3?
1224526236
In base 2, what is -1100010100101001010 - 11110010?
-1100010101000111100
In base 8, what is -3 + -161756425?
-161756430
In base 2, what is 1000000 + -101011011111111100?
-101011011110111100
In base 11, what is 1683 + 241?
1914
In base 10, what is -41 + 1065342?
1065301
In base 6, what is 11222033 - -31?
11222104
In base 11, what is -2 - -7554846a?
75548468
In base 3, what is 2022210 + -112110102?
-110010122
In base 7, what is -245 - -15334501?
15334223
In base 7, what is 101 - -1051320?
1051421
In base 14, what is 81cd - -22d?
841c
In base 16, what is 88f - 20ad?
-181e
In base 12, what is 3 - -222a813?
222a816
In base 16, what is 1f86 + -2e1?
1ca5
In base 5, what is 140204 - 201101?
-10342
In base 3, what is 2101002121121 + 21012?
2101002212210
In base 12, what is 97b43a2 - 2?
97b43a0
In base 11, what is -2300 + -8824?
-10024
In base 6, what is -135040514 - 1?
-135040515
In base 10, what is 101 + 24463?
24564
In base 16, what is 9ec + -bd0?
-1e4
In base 4, what is 12032223 + 32101?
12130330
In base 6, what is 35151530342 - -4?
35151530350
In base 13, what is -39286689 - 5?
-39286691
In base 3, what is 2 - 211200122000?
-211200121221
In base 7, what is -610 - 43054?
-43664
In base 7, what is 646663 + 4?
650000
In base 10, what is 3 - -44287?
44290
In base 10, what is -183599 - 531?
-184130
In base 14, what is -114189 + 7d?
-11410a
In base 8, what is 150455615 + 2?
150455617
In base 7, what is 0 + 315661?
315661
In base 3, what is -222122200200 + 10?
-222122200120
In base 7, what is 43 + -242225436?
-242225363
In base 5, what is 30 + -10133212131?
-10133212101
In base 13, what is 1364 - 570c4?
-55a60
In base 13, what is 5b56c + 34?
5b5a3
In base 10, what is -740867 + 63?
-740804
In base 15, what is -14124cb9 - -5?
-14124cb4
In base 3, what is -1102112122122 + 12?
-1102112122110
In base 8, what is -1706 + 72601?
70673
In base 16, what is -c00 - -39?
-bc7
In base 16, what is 33fc6 + -35?
33f91
In base 11, what is 1a - -124?
143
In base 14, what is 6a5349 - -2?
6a534b
In base 12, what is -5 + 185a028?
185a023
In base 14, what is c939a - 5?
c9395
In base 11, what is -2 - -1069963a?
10699638
In base 9, what is -5 + -35777843?
-35777848
In base 10, what is 53596482 + 2?
53596484
In base 14, what is -9 + 53431a?
534311
In base 6, what is -153 - 33334552?
-33335145
In base 6, what is -3 - 242254020?
-242254023
In base 5, what is 122 - -1111022122?
1111022244
In base 6, what is -500521 + 21320?
-435201
In base 7, what is 6501 - -3503?
13304
In base 9, what is -762 - 62150?
-63022
In base 7, what is 2155 - -1100262?
1102450
In base 13, what is -3b70716 + 6?
-3b70710
In base 2